{"id":510,"date":"2024-07-10T17:59:11","date_gmt":"2024-07-10T20:59:11","guid":{"rendered":"https:\/\/www.ciocyt.cure.edu.uy\/?page_id=510"},"modified":"2025-02-11T13:27:37","modified_gmt":"2025-02-11T16:27:37","slug":"trayectoria-facultad-de-quimica","status":"publish","type":"page","link":"https:\/\/www.ciocyt.cure.edu.uy\/?page_id=510","title":{"rendered":"Trayectoria Facultad de Qu\u00edmica"},"content":{"rendered":"\n<p>Cursando 80 cr\u00e9ditos del CIO CyT los estudiantes pueden iniciar, independientemente del bachillerato realizado, las siguientes carreras de Facultad de Qu\u00edmica:<\/p>\n\n\n\n<ul class=\"wp-block-list\">\n<li>Qu\u00edmico<\/li>\n\n\n\n<li>Bioqu\u00edmico Cl\u00ednico<\/li>\n\n\n\n<li>Qu\u00edmico Farmac\u00e9utico<\/li>\n\n\n\n<li>Licenciatura en Qu\u00edmica<\/li>\n\n\n\n<li>Licenciatura en Tecnolog\u00edas Qu\u00edmicas<\/li>\n\n\n\n<li>Ingenier\u00eda Qu\u00edmica <\/li>\n\n\n\n<li>Ingenier\u00eda en Alimentos<\/li>\n<\/ul>\n\n\n\n<p>Adem\u00e1s, realizando la Trayectoria Qu\u00edmica sugerida, es posible revalidar los siguientes cursos del primer a\u00f1o de las carreras mencionadas de Facultad de Qu\u00edmica:<\/p>\n\n\n\n<figure class=\"wp-block-table\"><table><tbody><tr><td><strong>Primer semestre<\/strong><\/td><td><\/td><\/tr><tr><td>Qu\u00edmica General I<\/td><td><\/td><\/tr><tr><td>Prevenci\u00f3n de riesgos en el laboratorio<\/td><td><\/td><\/tr><tr><td>Introducci\u00f3n a la Biolog\u00eda<\/td><td><\/td><\/tr><tr><td>F\u00edsica I<\/td><td><\/td><\/tr><tr><td>Introducci\u00f3n a la Universidad<\/td><td><\/td><\/tr><\/tbody><\/table><\/figure>\n\n\n\n<figure class=\"wp-block-table\"><table><tbody><tr><td><strong>Segundo semestre<\/strong><\/td><td><\/td><\/tr><tr><td>Complementos de fluidos <\/td><td><\/td><\/tr><tr><td>F\u00edsica II<\/td><td><\/td><\/tr><tr><td>Qu\u00edmica General II<\/td><td><\/td><\/tr><\/tbody><\/table><\/figure>\n\n\n\n<p>*Los cursos de Matem\u00e1tica en la actualidad a\u00fan no han sido revalidados por Facultad de Qu\u00edmica. <\/p>\n","protected":false},"excerpt":{"rendered":"<p>Cursando 80 cr\u00e9ditos del CIO CyT los estudiantes pueden iniciar, independientemente del bachillerato realizado, las siguientes carreras de Facultad de Qu\u00edmica: Adem\u00e1s, realizando la Trayectoria Qu\u00edmica sugerida, es posible revalidar los siguientes cursos del primer a\u00f1o de las carreras mencionadas de Facultad de Qu\u00edmica: Primer semestre Qu\u00edmica General I Prevenci\u00f3n de riesgos en el laboratorio [&hellip;]<\/p>\n","protected":false},"author":1,"featured_media":0,"parent":0,"menu_order":0,"comment_status":"closed","ping_status":"closed","template":"","meta":{"footnotes":""},"class_list":["post-510","page","type-page","status-publish","hentry"],"_links":{"self":[{"href":"https:\/\/www.ciocyt.cure.edu.uy\/index.php?rest_route=\/wp\/v2\/pages\/510","targetHints":{"allow":["GET"]}}],"collection":[{"href":"https:\/\/www.ciocyt.cure.edu.uy\/index.php?rest_route=\/wp\/v2\/pages"}],"about":[{"href":"https:\/\/www.ciocyt.cure.edu.uy\/index.php?rest_route=\/wp\/v2\/types\/page"}],"author":[{"embeddable":true,"href":"https:\/\/www.ciocyt.cure.edu.uy\/index.php?rest_route=\/wp\/v2\/users\/1"}],"replies":[{"embeddable":true,"href":"https:\/\/www.ciocyt.cure.edu.uy\/index.php?rest_route=%2Fwp%2Fv2%2Fcomments&post=510"}],"version-history":[{"count":7,"href":"https:\/\/www.ciocyt.cure.edu.uy\/index.php?rest_route=\/wp\/v2\/pages\/510\/revisions"}],"predecessor-version":[{"id":639,"href":"https:\/\/www.ciocyt.cure.edu.uy\/index.php?rest_route=\/wp\/v2\/pages\/510\/revisions\/639"}],"wp:attachment":[{"href":"https:\/\/www.ciocyt.cure.edu.uy\/index.php?rest_route=%2Fwp%2Fv2%2Fmedia&parent=510"}],"curies":[{"name":"wp","href":"https:\/\/api.w.org\/{rel}","templated":true}]}}