{"id":505,"date":"2024-07-10T17:49:58","date_gmt":"2024-07-10T20:49:58","guid":{"rendered":"https:\/\/www.ciocyt.cure.edu.uy\/?page_id=505"},"modified":"2025-12-19T12:51:23","modified_gmt":"2025-12-19T15:51:23","slug":"trayectoria-facultad-de-ciencias","status":"publish","type":"page","link":"https:\/\/www.ciocyt.cure.edu.uy\/?page_id=505","title":{"rendered":"Trayectoria Facultad de Ciencias"},"content":{"rendered":"\n<p><strong><a href=\"http:\/\/www.ciocyt.cure.edu.uy\/wp-content\/uploads\/2025\/12\/Reconocimientos-FCien-con-CURE.pdf\">Rev\u00e1lidas entre CIO CyT y Facultad de Ciencias &#8211; Noviembre 2025<\/a><\/strong><\/p>\n\n\n\n<p>Aclaraci\u00f3n: Se est\u00e1n actualizando las rev\u00e1lidas de Qu\u00edmica y de F\u00edsica para que sean autom\u00e1ticas.<\/p>\n","protected":false},"excerpt":{"rendered":"<p>Rev\u00e1lidas entre CIO CyT y Facultad de Ciencias &#8211; Noviembre 2025 Aclaraci\u00f3n: Se est\u00e1n actualizando las rev\u00e1lidas de Qu\u00edmica y de F\u00edsica para que sean autom\u00e1ticas.<\/p>\n","protected":false},"author":1,"featured_media":0,"parent":0,"menu_order":0,"comment_status":"closed","ping_status":"closed","template":"","meta":{"footnotes":""},"class_list":["post-505","page","type-page","status-publish","hentry"],"_links":{"self":[{"href":"https:\/\/www.ciocyt.cure.edu.uy\/index.php?rest_route=\/wp\/v2\/pages\/505","targetHints":{"allow":["GET"]}}],"collection":[{"href":"https:\/\/www.ciocyt.cure.edu.uy\/index.php?rest_route=\/wp\/v2\/pages"}],"about":[{"href":"https:\/\/www.ciocyt.cure.edu.uy\/index.php?rest_route=\/wp\/v2\/types\/page"}],"author":[{"embeddable":true,"href":"https:\/\/www.ciocyt.cure.edu.uy\/index.php?rest_route=\/wp\/v2\/users\/1"}],"replies":[{"embeddable":true,"href":"https:\/\/www.ciocyt.cure.edu.uy\/index.php?rest_route=%2Fwp%2Fv2%2Fcomments&post=505"}],"version-history":[{"count":5,"href":"https:\/\/www.ciocyt.cure.edu.uy\/index.php?rest_route=\/wp\/v2\/pages\/505\/revisions"}],"predecessor-version":[{"id":698,"href":"https:\/\/www.ciocyt.cure.edu.uy\/index.php?rest_route=\/wp\/v2\/pages\/505\/revisions\/698"}],"wp:attachment":[{"href":"https:\/\/www.ciocyt.cure.edu.uy\/index.php?rest_route=%2Fwp%2Fv2%2Fmedia&parent=505"}],"curies":[{"name":"wp","href":"https:\/\/api.w.org\/{rel}","templated":true}]}}