{"id":387,"date":"2024-02-07T12:21:08","date_gmt":"2024-02-07T15:21:08","guid":{"rendered":"https:\/\/www.ciocyt.cure.edu.uy\/?page_id=387"},"modified":"2025-01-30T10:33:39","modified_gmt":"2025-01-30T13:33:39","slug":"mas-sobre-el-cio-cyt","status":"publish","type":"page","link":"https:\/\/www.ciocyt.cure.edu.uy\/?page_id=387","title":{"rendered":"M\u00e1s sobre el CIO CyT"},"content":{"rendered":"\n<p>La <a href=\"https:\/\/www.ciocyt.cure.edu.uy\/?page_id=501\" data-type=\"link\" data-id=\"https:\/\/www.ciocyt.cure.edu.uy\/?page_id=501\">Licenciatura en Gesti\u00f3n Ambiental <\/a>del CURE hace una&nbsp;rev\u00e1lida total&nbsp;del CIO C y T, y permite por lo tanto el&nbsp;ingreso directo al segundo a\u00f1o de la carrera.<\/p>\n\n\n\n<p>En el caso de las facultades de <a href=\"https:\/\/www.ciocyt.cure.edu.uy\/?page_id=505\">Ciencias <\/a>y de <a href=\"https:\/\/www.ciocyt.cure.edu.uy\/?page_id=510\">Qu\u00edmica<\/a>, as\u00ed como en otras carreras del CURE como el <a href=\"https:\/\/www.cure.edu.uy\/ensenanza\/oferta-educativa\/tecnologo-en-telecomunicaciones\/\">Tecn\u00f3logo en Telecomunicaciones<\/a>, los egresados del CIO C y T podr\u00e1n hacer&nbsp;rev\u00e1lidas parciales<strong>&nbsp;<\/strong>de asignaturas.<\/p>\n\n\n\n<p>En referencia <a href=\"https:\/\/www.ciocyt.cure.edu.uy\/?page_id=494\">Ingenier\u00eda<\/a>, dependiendo de la carrera que el\/la estudiante desee continuar, puede realizar un a\u00f1o en su totalidad completando un total aproximado de 90 cr\u00e9ditos en unidades curriculares del CIO CyT.<\/p>\n\n\n\n<p>El CIO C y T (\u00c1rea Ciencia y Tecnolog\u00eda) no tiene asignaturas obligatorias. La o el estudiante podr\u00e1 elegir los cursos, dentro de la oferta acad\u00e9mica del CURE, que sean revalidados por la carrera de su inter\u00e9s.<\/p>\n","protected":false},"excerpt":{"rendered":"<p>La Licenciatura en Gesti\u00f3n Ambiental del CURE hace una&nbsp;rev\u00e1lida total&nbsp;del CIO C y T, y permite por lo tanto el&nbsp;ingreso directo al segundo a\u00f1o de la carrera. En el caso de las facultades de Ciencias y de Qu\u00edmica, as\u00ed como en otras carreras del CURE como el Tecn\u00f3logo en Telecomunicaciones, los egresados del CIO C [&hellip;]<\/p>\n","protected":false},"author":1,"featured_media":0,"parent":0,"menu_order":0,"comment_status":"closed","ping_status":"closed","template":"","meta":{"footnotes":""},"class_list":["post-387","page","type-page","status-publish","hentry"],"_links":{"self":[{"href":"https:\/\/www.ciocyt.cure.edu.uy\/index.php?rest_route=\/wp\/v2\/pages\/387","targetHints":{"allow":["GET"]}}],"collection":[{"href":"https:\/\/www.ciocyt.cure.edu.uy\/index.php?rest_route=\/wp\/v2\/pages"}],"about":[{"href":"https:\/\/www.ciocyt.cure.edu.uy\/index.php?rest_route=\/wp\/v2\/types\/page"}],"author":[{"embeddable":true,"href":"https:\/\/www.ciocyt.cure.edu.uy\/index.php?rest_route=\/wp\/v2\/users\/1"}],"replies":[{"embeddable":true,"href":"https:\/\/www.ciocyt.cure.edu.uy\/index.php?rest_route=%2Fwp%2Fv2%2Fcomments&post=387"}],"version-history":[{"count":7,"href":"https:\/\/www.ciocyt.cure.edu.uy\/index.php?rest_route=\/wp\/v2\/pages\/387\/revisions"}],"predecessor-version":[{"id":580,"href":"https:\/\/www.ciocyt.cure.edu.uy\/index.php?rest_route=\/wp\/v2\/pages\/387\/revisions\/580"}],"wp:attachment":[{"href":"https:\/\/www.ciocyt.cure.edu.uy\/index.php?rest_route=%2Fwp%2Fv2%2Fmedia&parent=387"}],"curies":[{"name":"wp","href":"https:\/\/api.w.org\/{rel}","templated":true}]}}